?
6
What is the tens digit of 187769?
6
What is the hundred thousands digit of 23738114?
7
What is the hundreds digit of 2370731?
7
What is the tens digit of 274128?
2
What is the hundred thousands digit of 3299056?
2
What is the units digit of 5853969?
9
What is the ten thousands digit of 42153?
4
What is the tens digit of 190971?
7
What is the hundred thousands digit of 208305?
2
What is the units digit of 2235909?
9
What is the thousands digit of 10977880?
7
What is the thousands digit of 5401873?
1
What is the ten thousands digit of 239434?
3
What is the hundreds digit of 2600322?
3
What is the hundreds digit of 2361312?
3
What is the hundred thousands digit of 6628022?
6
What is the ten thousands digit of 849449?
4
What is the ten thousands digit of 790765?
9
What is the tens digit of 2991449?
4
What is the thousands digit of 283692?
3
What is the ten thousands digit of 8500253?
0
What is the hundreds digit of 26225397?
3
What is the hundred thousands digit of 7009705?
0
What is the units digit of 1622472?
2
What is the tens digit of 297412?
1
What is the thousands digit of 817510?
7
What is the hundreds digit of 453186?
1
What is the thousands digit of 172905?
2
What is the thousands digit of 3087558?
7
What is the hundred thousands digit of 197211?
1
What is the hundreds digit of 2035831?
8
What is the hundreds digit of 237125?
1
What is the units digit of 4438527?
7
What is the thousands digit of 180206?
0
What is the units digit of 1886018?
8
What is the units digit of 693710?
0
What is the ten thousands digit of 3036725?
3
What is the ten thousands digit of 13799865?
9
What is the hundreds digit of 569047?
0
What is the hundred thousands digit of 4894447?
8
What is the units digit of 77189?
9
What is the hundreds digit of 161464?
4
What is the tens digit of 345067?
6
What is the units digit of 16707?
7
What is the tens digit of 80190?
9
What is the millions digit of 7408327?
7
What is the hundreds digit of 4654046?
0
What is the units digit of 663235?
5
What is the ten thousands digit of 3191194?
9
What is the tens digit of 6987848?
4
What is the tens digit of 2467975?
7
What is the millions digit of 8854941?
8
What is the units digit of 3129900?
0
What is the ten thousands digit of 16790618?
9
What is the hundred thousands digit of 1332500?
3
What is the units digit of 850892?
2
What is the thousands digit of 332935?
2
What is the thousands digit of 52684?
2
What is the tens digit of 481655?
5
What is the hundred thousands digit of 218189?
2
What is the tens digit of 20976871?
7
What is the units digit of 416350?
0
What is the hundreds digit of 1134489?
4
What is the hundred thousands digit of 2246122?
2
What is the ten thousands digit of 27245047?
4
What is the ten thousands digit of 3720221?
2
What is the units digit of 1320567?
7
What is the hundreds digit of 2409?
4
What is the tens digit of 502005?
0
What is the units digit of 851501?
1
What is the thousands digit of 4466534?
6
What is the thousands digit of 1064236?
4
What is the hundreds digit of 718077?
0
What is the tens digit of 10605781?
8
What is the hundred thousands digit of 583819?
5
What is the tens digit of 724670?
7
What is the millions digit of 11838230?
1
What is the units digit of 9793219?
9
What is the tens digit of 418923?
2
What is the tens digit of 5347556?
5
What is the hundred thousands digit of 190660?
1
What is the millions digit of 1446555?
1
What is the tens digit of 191918?
1
What is the ten thousands digit of 841739?
4
What is the units digit of 340516?
6
What is the ten thousands digit of 265117?
6
What is the units digit of 6457587?
7
What is the millions digit of 8840303?
8
What is the hundred thousands digit of 1007405?
0
What is the units digit of 866807?
7
What is the ten thousands digit of 6041024?
4
What is the thousands digit of 27038605?
8
What is the ten thousands digit of 210746?
1
What is the units digit of 554966?
6
What is the hundred thousands digit of 703589?
7
What is the tens digit of 308011?
1
What is the millions digit of 9959906?
9
What is the hundreds digit of 44436080?
0
What is the hundreds digit of 13764262?
2
What is the tens digit of 10663662?
6
What is the thousands digit of 7962455?
2
What is the tens digit of 2397358?
5
What is the hundreds digit of 200613?
6
What is the hundreds digit of 219553?
5
What is the hundred thousands digit of 397962?
3
What is the hundreds digit of 17166354?
3
What is the units digit of 622282?
2
What is the thousands digit of 262490?
2
What is the hundreds digit of 161146?
1
What is the tens digit of 8278554?
5
What is the units digit of 208954?
4
What is the units digit of 2061050?
0
What is the units digit of 1092962?
2
What is the units digit of 13617703?
3
What is the thousands digit of 122763?
2
What is the units digit of 1223451?
1
What is the tens digit of 34636?
3
What is the thousands digit of 4976265?
6
What is the units digit of 8572542?
2
What is the units digit of 297208?
8
What is the hundreds digit of 293374?
3
What is the millions digit of 2648218?
2
What is the tens digit of 5093600?
0
What is the thousands digit of 1486305?
6
What is the hundreds digit of 9240831?
8
What is the hundreds digit of 427130?
1
What is the thousands digit of 213836?
3
What is the hundred thousands digit of 421271?
4
What is the millions digit of 16600755?
6
What is the tens digit of 805872?
7
What is the units digit of 1455444?
4
What is the thousands digit of 30189645?
9
What is the hundred thousands digit of 26148627?
1
What is the hundred thousands digit of 188525?
1
What is the tens digit of 67797?
9
What is the millions digit of 1327825?
1
What is the hundred thousands digit of 916302?
9
What is the tens digit of 3084750?
5
What is the ten millions digit of 25821971?
2
What is the hundreds digit of 368016?
0
What is the ten thousands digit of 120277?
2
What is the hundreds digit of 1079882?
8
What is the hundreds digit of 5472718?
7
What is the ten thousands digit of 21508?
2
What is the units digit of 67939?
9
What is the units digit of 193061?
1
What is the tens digit of 1093401?
0
What is the thousands digit of 248251?
8
What is the thousands digit of 3061673?
1
What is the thousands digit of 958267?
8
What is the thousands digit of 1918468?
8
What is the tens digit of 61625?
2
What is the hundreds digit of 3361473?
4
What is the hundreds digit of 4607345?
3
What is the ten thousands digit of 349397?
4
What is the ten thousands digit of 164092?
6
What is the tens digit of 4705442?
4
What is the units digit of 1235454?
4
What is the units digit of 663900?
0
What is the tens digit of 4507160?
6
What is the tens digit of 809646?
4
What is the units digit of 272040?
0
What is the thousands digit of 16676740?
6
What is the hundred thousands digit of 197633?
1
What is the hundred thousands digit of 2993276?
9
What is the millions digit of 1668305?
1
What is the thousands digit of 3788974?
8
What is the units digit of 10397508?
8
What is the hundred thousands digit of 358733?
3
What is the millions digit of 1225426?
1
What is the millions digit of 4575173?
4
What is the ten thousands digit of 276493?
7
What is the hundreds digit of 3766845?
8
What is the tens digit of 140648?
4
What is the hundred thousands digit of 23152270?
1
What is the hundred thousands digit of 5366264?
3
What is the thousands digit of 7411761?
1
What is the tens digit of 17230129?
2
What is the hundreds digit of 39226?
2
What is the units digit of 6459059?
9
What is the units digit of 3726090?
0
What is the hundred thousands digit of 452796?
4
What is the thousands digit of 1513151?
3
What is the units digit of 3564748?
8
What is the ten thousands digit of 745084?
4
What is the tens digit of 1094126?
2
What is the ten thousands digit of 1400515?
0
What is the hundred thousands digit of 8038992?
0
What is the thousands digit of 4079091?
9
What is the hundred thousands digit of 9818546?
8
What is the hundreds digit of 58748?
7
What is the thousands digit of 67443?
7
What is the hundred thousands digit of 660891?
6
What is the hundreds digit of 5781528?
5
What is the ten thousands digit of 1149282?
4
What is the tens digit of 4692112?
1
What is the hundreds digit of 1060698?
6
What is the hundreds digit of 5824792?
7
Wha